22 - 211041?
-211263
In base 2, what is 1101 - 101110111001?
-101110101100
In base 15, what is -1e231 - -5?
-1e22b
In base 14, what is -3a6 - 376?
-73c
In base 12, what is -30a2 + 16?
-3088
In base 6, what is 5435053 + 4?
5435101
In base 6, what is 1053 - 32?
1021
In base 7, what is 1235 - -2061?
3326
In base 14, what is -4 - -1da9?
1da5
In base 10, what is -711 + -43?
-754
In base 11, what is -5 - -4807?
4802
In base 13, what is -ab06 - -11?
-aac5
In base 11, what is 12a02 + -7?
129a6
In base 11, what is -14 - -170a1?
17088
In base 6, what is 2014 - 23542?
-21524
In base 12, what is -a29 - 87?
-ab4
In base 7, what is -33014 - 1255?
-34302
In base 8, what is 1217566 + -4?
1217562
In base 6, what is 3015 - -201?
3220
In base 8, what is 74 - -643?
737
In base 12, what is 21701 - 1?
21700
In base 10, what is 104146 + -20?
104126
In base 3, what is 12 + -10221202221?
-10221202202
In base 3, what is 2 + 111200002?
111200011
In base 7, what is 62243 - -4?
62250
In base 11, what is 1a - -33978?
33997
In base 15, what is 4 - 171a9?
-171a5
In base 7, what is 1013320 - -4?
1013324
In base 12, what is 28140 - -60?
281a0
In base 15, what is e28 + -a?
e1d
In base 2, what is -10100 + -1011011011?
-1011101111
In base 8, what is -162 + 414?
232
In base 5, what is -13 - 234320?
-234333
In base 9, what is -3 - 1276333?
-1276336
In base 4, what is -1 - -10313212?
10313211
In base 5, what is 1331110 - -1?
1331111
In base 11, what is -5a - -127?
78
In base 9, what is -10172 + -26?
-10208
In base 11, what is -6a - -230?
171
In base 8, what is -103172 - 14?
-103206
In base 14, what is -1c9aa + -2?
-1c9ac
In base 6, what is 444544 - -5?
444553
In base 5, what is -2403224 + -2?
-2403231
In base 4, what is 221 + 2032000?
2032221
In base 9, what is -73 + -38526?
-38610
In base 8, what is -5 - -1561?
1554
In base 11, what is 47 - -134?
180
In base 16, what is 13 - 3d?
-2a
In base 7, what is 1124 - -61?
1215
In base 12, what is -92 - -146?
74
In base 3, what is -11 - -2002102121212?
2002102121201
In base 10, what is -977 + 3010?
2033
In base 11, what is -a382 - -2?
-a380
In base 14, what is 6 - a97?
-a91
In base 2, what is 1100 + -101011101011?
-101011011111
In base 16, what is 24ac8 + -5?
24ac3
In base 3, what is -2010000211 - 0?
-2010000211
In base 8, what is -244554 + -5?
-244561
In base 8, what is -32 - 233727?
-233761
In base 15, what is 23cace + -2?
23cacc
In base 14, what is -387 - -b3?
-2b4
In base 16, what is -c - -344?
338
In base 7, what is -4563410 + 1?
-4563406
In base 15, what is -3 - a61d?
-a621
In base 15, what is -1d + -22ed?
-231b
In base 8, what is -403326 - -4?
-403322
In base 7, what is -243 - 2101?
-2344
In base 5, what is -412220 - 1?
-412221
In base 3, what is 1012 - -2222000?
10000012
In base 6, what is 2 - -2332245?
2332251
In base 2, what is 101 - -11000110010?
11000110111
In base 6, what is -32230 + 4?
-32222
In base 2, what is -110 + 11101111100011?
11101111011101
In base 16, what is 7 - a817?
-a810
In base 2, what is 110111010100010 + -101111?
110111001110011
In base 12, what is 2 - 60a129?
-60a127
In base 11, what is 90a894 - 5?
90a88a
In base 15, what is 7 - -2143?
214a
In base 11, what is -17a8 + 5?
-17a3
In base 15, what is -5 - 99c1?
-99c6
In base 13, what is -5 - -259205?
259200
In base 2, what is -1010 - -1000010110?
1000001100
In base 2, what is -10001001101011000 + -100?
-10001001101011100
In base 11, what is -4 - -2a7803?
2a77aa
In base 13, what is -28 - 3b3?
-40b
In base 13, what is -1 + -7c7?
-7c8
In base 5, what is 40 - -2243?
2333
In base 12, what is -1b0a + -2?
-1b10
In base 7, what is 651 - -644?
1625
In base 11, what is -5 - -9505?
9500
In base 9, what is 8583 - -17?
8611
In base 15, what is -36d + 10?
-35d
In base 15, what is eb + d7d?
e79
In base 3, what is -111120110 - -22102?
-111021001
In base 9, what is 1803 + 34?
1837
In base 14, what is -45 + -4619?
-4660
In base 6, what is -11 - -12045?
12034
In base 13, what is c731 - 0?
c731
In base 8, what is 622271 - -3?
622274
In base 11, what is 227 - 0?
227
In base 7, what is -1514 - -2424?
610
In base 10, what is 4 - 50576?
-50572
In base 11, what is -7022 + -3a?
-7061
In base 14, what is -935 + 2c?
-907
In base 14, what is 5 - 19ba3?
-19b9c
In base 3, what is -12 + -22110001?
-22110020
In base 14, what is 923 - 1c?
905
In base 7, what is 0 - 162462?
-162462
In base 4, what is -113303 - -3032?
-110211
In base 13, what is 1 - 143ca6?
-143ca5
In base 15, what is 0 - -8e6de?
8e6de
In base 9, what is 1 + 1670878?
1670880
In base 9, what is 2 + 453235?
453237
In base 3, what is -1012011000121 - -12?
-1012011000102
In base 16, what is e + -461?
-453
In base 11, what is -453 - 4435?
-4888
In base 9, what is 3 - 726415?
-726412
In base 11, what is -243 - 281?
-514
In base 6, what is 302042 - -514?
303000
In base 15, what is -94 + 86?
-d
In base 5, what is -12001 + -1343?
-13344
In base 3, what is -1201102200 - -12?
-1201102111
In base 9, what is -50 + 32244?
32184
In base 4, what is 3 - -301213?
301222
In base 9, what is 4 + -10553?
-10548
In base 14, what is 1a2 - -7d?
241
In base 10, what is -236 - -192?
-44
In base 10, what is -96 + 2173?
2077
In base 16, what is -12f8c - -3?
-12f89
In base 13, what is 330 + 6a9?
a09
In base 9, what is 5381 - 6?
5374
In base 11, what is -1270 + -1438?
-26a8
In base 15, what is c461b + 4?
c4620
In base 16, what is -17e + 14?
-16a
In base 10, what is -1266 - -72?
-1194
In base 8, what is -1767 + 253?
-1514
In base 10, what is 564773 - 3?
564770
In base 2, what is -1101101 - -11111000?
10001011
In base 11, what is 2018 - 37?
1a91
In base 11, what is -2411 + -4?
-2415
In base 11, what is -173a + -188?
-1917
In base 8, what is 4057602 - -5?
4057607
In base 3, what is -11001200 + -111?
-11002011
In base 11, what is -14a6a - 39?
-14aa8
In base 14, what is -25480 - 4?
-25484
In base 5, what is 1010431 - -3?
1010434
In base 16, what is -2 + -261b?
-261d
In base 8, what is 163260 + 13?
163273
In base 9, what is -204 + -360?
-564
In base 7, what is -40525 - -4?
-40521
In base 9, what is 6 + -373457?
-373451
In base 8, what is 0 + -107540?
-107540
In base 6, what is 5 + 25302?
25311
In base 14, what is 107 - 8a?
5b
In base 11, what is -51 + 14838?
14797
In base 11, what is -259 + 129?
-130
In base 14, what is -33 - -4dc6?
4d93
In base 12, what is 71867 + 3?
7186a
In base 15, what is 7be - -4c?
81b
In base 11, what is -4 + -3a003?
-3a007
In base 9, what is 37 + -13124?
-13076
In base 5, what is 10302 + -133?
10114
In base 12, what is 7600b + -2?
76009
In base 12, what is -1a947 + 4?
-1a943
In base 11, what is -7 + 21a6?
219a
In base 8, what is 14004 + 4?
14010
In base 2, what is 1111 + 111101101101111?
111101101111110
In base 2, what is -10100100000101 - -1?
-10100100000100
In base 15, what is 13 + -57c?
-569
In base 6, what is 31035 - -2?
31041
In base 14, what is -a - -5d9?
5cd
In base 8, what is 2 + -2157213?
-2157211
In base 6, what is -14001002 + 3?
-14000555
In base 4, what is -12122112 - 11?
-12122123
In base 4, what is -200303112 - -2?
-200303110
In base 5, what is -42 - 413120?
-413212
In base 2, what is 101 + 10000111000000?
10000111000101
In base 8, what is 11 - 1720?
-1707
In base 14, what is 22 + -5c4?
-5a2
In base 11, what is 17 - 90a4?
-9088
In base 11, what is -9232 - -115?
-9118
In base 16, what is 86 + 1c93?
1d19
In base 8, what is -5 - 13431?
-13436
In base 3, what is 1221201110 + 1002?
1221202112
In base 16, what is -d8387 - 3?
-d838a
In base 5, what is -2 + 1042132?
1042130
In base 14, what is -3 - -10d36?
10d33
In base 10, what is -3 - -12184?
12181
In base 15, what is -5 + -b0c34?
-b0c39
In base 4, what is 23021 - 1012?
22003
In base 10, what is -356 + -1299?
-1655
In base 10, what is 5 - 24276?
-24271
In base 13, what is 4 - -386844?
386848
In base 16, what is -103 - 196?
-299
In base 11, what is 2457 - 4a?
2408
In base 5, what is -242 + 400443?
400201
In base 11, what is 8 + 61a?
627
In base 8, what is -1021122 - 5?
-1021127
In base 9, what is 53342 + -5?
53336
In base 12, what is 0 + 643b?
643b
In base 10, what is 0 - -16278?
16278
In base 14, what is 11 + a675?
a686
In base 15, what is 1 + -1992?
-1991
In base 9, what is 42751 - -2?
42753
In base 16, what is -12 + cd76?
cd64
In base 14, what is 80 - -2dc4?
3064
In base 16, what 